{"id":7,"date":"2022-02-10T13:56:15","date_gmt":"2022-02-10T16:56:15","guid":{"rendered":"https:\/\/centrooestecontabilidade.com.br\/?page_id=7"},"modified":"2022-06-27T20:23:38","modified_gmt":"2022-06-27T23:23:38","slug":"home","status":"publish","type":"page","link":"https:\/\/centrooestecontabilidade.com.br\/","title":{"rendered":"Home"},"content":{"rendered":"<style>\/*! elementor - v3.5.5 - 03-02-2022 *\/\n.elementor-widget-image{text-align:center}.elementor-widget-image a{display:inline-block}.elementor-widget-image a img[src$=\".svg\"]{width:48px}.elementor-widget-image img{vertical-align:middle;display:inline-block}<\/style>\n<p>\t\t\t\t\t\t\t\t\t\t\t\t<img decoding=\"async\" width=\"300\" height=\"96\" src=\"http:\/\/centrooestecontabilidade.com.br\/wp-content\/uploads\/2022\/03\/CENTRO-OESTE-LOGO-1-5-300x96.png\" alt=\"\" loading=\"lazy\" srcset=\"https:\/\/centrooestecontabilidade.com.br\/wp-content\/uploads\/2022\/03\/CENTRO-OESTE-LOGO-1-5-300x96.png 300w, https:\/\/centrooestecontabilidade.com.br\/wp-content\/uploads\/2022\/03\/CENTRO-OESTE-LOGO-1-5-1024x327.png 1024w, https:\/\/centrooestecontabilidade.com.br\/wp-content\/uploads\/2022\/03\/CENTRO-OESTE-LOGO-1-5-768x245.png 768w, https:\/\/centrooestecontabilidade.com.br\/wp-content\/uploads\/2022\/03\/CENTRO-OESTE-LOGO-1-5-1536x491.png 1536w, https:\/\/centrooestecontabilidade.com.br\/wp-content\/uploads\/2022\/03\/CENTRO-OESTE-LOGO-1-5.png 1728w\" sizes=\"(max-width: 300px) 100vw, 300px\" \/>\t\t\t\t\t\t\t\t\t\t\t\t\t\t\t<\/p>\n<style>\/*! elementor - v3.5.5 - 03-02-2022 *\/\nbody.elementor-page .elementor-widget-menu-anchor{margin-bottom:0}<\/style>\n<style>\/*! elementor - v3.5.5 - 03-02-2022 *\/\n.elementor-widget-divider{--divider-border-style:none;--divider-border-width:1px;--divider-color:#2c2c2c;--divider-icon-size:20px;--divider-element-spacing:10px;--divider-pattern-height:24px;--divider-pattern-size:20px;--divider-pattern-url:none;--divider-pattern-repeat:repeat-x}.elementor-widget-divider .elementor-divider{display:-webkit-box;display:-ms-flexbox;display:flex}.elementor-widget-divider .elementor-divider__text{font-size:15px;line-height:1;max-width:95%}.elementor-widget-divider .elementor-divider__element{margin:0 var(--divider-element-spacing);-ms-flex-negative:0;flex-shrink:0}.elementor-widget-divider .elementor-icon{font-size:var(--divider-icon-size)}.elementor-widget-divider .elementor-divider-separator{display:-webkit-box;display:-ms-flexbox;display:flex;margin:0;direction:ltr}.elementor-widget-divider--view-line_icon .elementor-divider-separator,.elementor-widget-divider--view-line_text .elementor-divider-separator{-webkit-box-align:center;-ms-flex-align:center;align-items:center}.elementor-widget-divider--view-line_icon .elementor-divider-separator:after,.elementor-widget-divider--view-line_icon .elementor-divider-separator:before,.elementor-widget-divider--view-line_text .elementor-divider-separator:after,.elementor-widget-divider--view-line_text .elementor-divider-separator:before{display:block;content:\"\";border-bottom:0;-webkit-box-flex:1;-ms-flex-positive:1;flex-grow:1;border-top:var(--divider-border-width) var(--divider-border-style) var(--divider-color)}.elementor-widget-divider--element-align-left .elementor-divider .elementor-divider-separator>.elementor-divider__svg:first-of-type{-webkit-box-flex:0;-ms-flex-positive:0;flex-grow:0;-ms-flex-negative:100;flex-shrink:100}.elementor-widget-divider--element-align-left .elementor-divider-separator:before{content:none}.elementor-widget-divider--element-align-left .elementor-divider__element{margin-left:0}.elementor-widget-divider--element-align-right .elementor-divider .elementor-divider-separator>.elementor-divider__svg:last-of-type{-webkit-box-flex:0;-ms-flex-positive:0;flex-grow:0;-ms-flex-negative:100;flex-shrink:100}.elementor-widget-divider--element-align-right .elementor-divider-separator:after{content:none}.elementor-widget-divider--element-align-right .elementor-divider__element{margin-right:0}.elementor-widget-divider:not(.elementor-widget-divider--view-line_text):not(.elementor-widget-divider--view-line_icon) .elementor-divider-separator{border-top:var(--divider-border-width) var(--divider-border-style) var(--divider-color)}.elementor-widget-divider--separator-type-pattern{--divider-border-style:none}.elementor-widget-divider--separator-type-pattern.elementor-widget-divider--view-line .elementor-divider-separator,.elementor-widget-divider--separator-type-pattern:not(.elementor-widget-divider--view-line) .elementor-divider-separator:after,.elementor-widget-divider--separator-type-pattern:not(.elementor-widget-divider--view-line) .elementor-divider-separator:before,.elementor-widget-divider--separator-type-pattern:not([class*=elementor-widget-divider--view]) .elementor-divider-separator{width:100%;min-height:var(--divider-pattern-height);-webkit-mask-size:var(--divider-pattern-size) 100%;mask-size:var(--divider-pattern-size) 100%;-webkit-mask-repeat:var(--divider-pattern-repeat);mask-repeat:var(--divider-pattern-repeat);background-color:var(--divider-color);-webkit-mask-image:var(--divider-pattern-url);mask-image:var(--divider-pattern-url)}.elementor-widget-divider--no-spacing{--divider-pattern-size:auto}.elementor-widget-divider--bg-round{--divider-pattern-repeat:round}.rtl .elementor-widget-divider .elementor-divider__text{direction:rtl}<\/style>\n<p>\t\t\t\tNOSSA HIST\u00d3RIA\u200b\t\t\t\t<\/p>\n<p>A Centro Oeste Contabilidade LTDA iniciou sua atividades como empresa individual na cidade de Bandeirantes &#8211; MS.<\/p>\n<p>Em Novembro de 1992 come\u00e7amos as atividades atendendo microempres\u00e1rios, com pequena rentabilidade e dificuldades dos dia a dia.<\/p>\n<p>Persistimos at\u00e9 os dias de hoje onde adquirimos novos clientes, parceiros e novas oportunidades.<\/p>\n<p>Continuamos com escrit\u00f3rio em Bandeirantes\/MS, e constru\u00edmos a nossa Sede em Campo Grande\/MS.<\/p>\n<p>Este ano com muita alegria estamos completando 30 anos de hist\u00f3ria.<\/p>\n<p>\t\t\t<a href=\"https:\/\/api.whatsapp.com\/send?phone=5567984129729&#038;text=Gostaria%20de%20mais%20informa%C3%A7%C3%B5es!\" role=\"button\"><br \/>\n\t\t\t\t\t\tCHAMAR NO WHATSAPP<br \/>\n\t\t\t\t\t<\/a><br \/>\n\t\t\t\tNOSSOS SERVI\u00c7OS<br \/>\n\t\t\t\t\t\t\t\t\t\t\t\t\t\t\t<img decoding=\"async\" width=\"320\" height=\"250\" src=\"http:\/\/centrooestecontabilidade.com.br\/wp-content\/uploads\/2022\/06\/Prancheta-1-10.png\" alt=\"\" loading=\"lazy\" srcset=\"https:\/\/centrooestecontabilidade.com.br\/wp-content\/uploads\/2022\/06\/Prancheta-1-10.png 320w, https:\/\/centrooestecontabilidade.com.br\/wp-content\/uploads\/2022\/06\/Prancheta-1-10-300x234.png 300w\" sizes=\"(max-width: 320px) 100vw, 320px\" \/><br \/>\n\t\tContabilidade rural<br \/>\n\t\t\t<a role=\"button\"><br \/>\n\t\t\t\t\t\tVer mais<br \/>\n\t\t\t\t\t<\/a><br \/>\n\t\t\t\t\t\t\t\t\t\t\t\t\t\t\t<img decoding=\"async\" width=\"320\" height=\"250\" src=\"http:\/\/centrooestecontabilidade.com.br\/wp-content\/uploads\/2022\/06\/Prancheta-2-11.png\" alt=\"\" loading=\"lazy\" srcset=\"https:\/\/centrooestecontabilidade.com.br\/wp-content\/uploads\/2022\/06\/Prancheta-2-11.png 320w, https:\/\/centrooestecontabilidade.com.br\/wp-content\/uploads\/2022\/06\/Prancheta-2-11-300x234.png 300w\" sizes=\"(max-width: 320px) 100vw, 320px\" \/><br \/>\n\t\tContabilidade da pessoa f\u00edsica<br \/>\n\t\t\t<a role=\"button\"><br \/>\n\t\t\t\t\t\tVer mais<br \/>\n\t\t\t\t\t<\/a><br \/>\n\t\t\t\t\t\t\t\t\t\t\t\t\t\t\t<img decoding=\"async\" width=\"320\" height=\"250\" src=\"http:\/\/centrooestecontabilidade.com.br\/wp-content\/uploads\/2022\/06\/Prancheta-3-9.png\" alt=\"\" loading=\"lazy\" srcset=\"https:\/\/centrooestecontabilidade.com.br\/wp-content\/uploads\/2022\/06\/Prancheta-3-9.png 320w, https:\/\/centrooestecontabilidade.com.br\/wp-content\/uploads\/2022\/06\/Prancheta-3-9-300x234.png 300w\" sizes=\"(max-width: 320px) 100vw, 320px\" \/><br \/>\n\t\tDepartamento pessoal<br \/>\n\t\t\t<a role=\"button\"><br \/>\n\t\t\t\t\t\tVer mais<br \/>\n\t\t\t\t\t<\/a><br \/>\n\t\t\t\t\t\t\t\t\t\t\t\t\t\t\t<img decoding=\"async\" width=\"320\" height=\"250\" src=\"http:\/\/centrooestecontabilidade.com.br\/wp-content\/uploads\/2022\/06\/Prancheta-4-4.png\" alt=\"\" loading=\"lazy\" srcset=\"https:\/\/centrooestecontabilidade.com.br\/wp-content\/uploads\/2022\/06\/Prancheta-4-4.png 320w, https:\/\/centrooestecontabilidade.com.br\/wp-content\/uploads\/2022\/06\/Prancheta-4-4-300x234.png 300w\" sizes=\"(max-width: 320px) 100vw, 320px\" \/><br \/>\n\t\tAssessoria cont\u00e1bil comercial de micro e pequenas empresas<br \/>\n\t\t\t<a role=\"button\"><br \/>\n\t\t\t\t\t\tVer mais<br \/>\n\t\t\t\t\t<\/a><br \/>\n\t\t\t\t\t\t\t\t\t\t\t\t\t\t\t<img decoding=\"async\" width=\"320\" height=\"250\" src=\"http:\/\/centrooestecontabilidade.com.br\/wp-content\/uploads\/2022\/06\/Prancheta-5-4.png\" alt=\"\" loading=\"lazy\" srcset=\"https:\/\/centrooestecontabilidade.com.br\/wp-content\/uploads\/2022\/06\/Prancheta-5-4.png 320w, https:\/\/centrooestecontabilidade.com.br\/wp-content\/uploads\/2022\/06\/Prancheta-5-4-300x234.png 300w\" sizes=\"(max-width: 320px) 100vw, 320px\" \/><br \/>\n\t\t\u00c1rea de contabilidade fiscal e tribut\u00e1ria, de legisla\u00e7\u00e3o e de planejamento tribut\u00e1rio e sucess\u00f3rio<br \/>\n\t\t\t<a role=\"button\"><br \/>\n\t\t\t\t\t\tVer mais<br \/>\n\t\t\t\t\t<\/a><br \/>\n\t\t\t<a href=\"https:\/\/api.whatsapp.com\/send?phone=5567984129729&#038;text=Gostaria%20de%20mais%20informa%C3%A7%C3%B5es!\" role=\"button\"><br \/>\n\t\t\t\t\t\tCHAMAR NO WHATSAPP<br \/>\n\t\t\t\t\t<\/a><br \/>\n\t\t\t\tNosso escrit\u00f3rio\t\t\t\t<\/p>\n<style>\/*! elementor - v3.5.5 - 03-02-2022 *\/\n.elementor-widget-image-carousel .swiper-container{position:static}.elementor-widget-image-carousel .swiper-container .swiper-slide figure{line-height:inherit}.elementor-widget-image-carousel .swiper-slide{text-align:center}.elementor-image-carousel-wrapper:not(.swiper-container-initialized) .swiper-slide{max-width:calc(100% \/ var(--e-image-carousel-slides-to-show, 3))}<\/style>\n<figure><img decoding=\"async\" src=\"http:\/\/centrooestecontabilidade.com.br\/wp-content\/uploads\/2022\/06\/Prancheta-1-11-min.png\" alt=\"Prancheta 1 (11)-min\" \/><\/figure>\n<figure><img decoding=\"async\" src=\"http:\/\/centrooestecontabilidade.com.br\/wp-content\/uploads\/2022\/06\/Prancheta-2-12-min.png\" alt=\"Prancheta 2 (12)-min\" \/><\/figure>\n<figure><img decoding=\"async\" src=\"http:\/\/centrooestecontabilidade.com.br\/wp-content\/uploads\/2022\/06\/Prancheta-3-10-min.png\" alt=\"Prancheta 3 (10)-min\" \/><\/figure>\n<figure><img decoding=\"async\" src=\"http:\/\/centrooestecontabilidade.com.br\/wp-content\/uploads\/2022\/06\/Prancheta-4-5-min.png\" alt=\"Prancheta 4 (5)-min\" \/><\/figure>\n<figure><img decoding=\"async\" src=\"http:\/\/centrooestecontabilidade.com.br\/wp-content\/uploads\/2022\/06\/Prancheta-5-5-min.png\" alt=\"Prancheta 5 (5)-min\" \/><\/figure>\n<figure><img decoding=\"async\" src=\"http:\/\/centrooestecontabilidade.com.br\/wp-content\/uploads\/2022\/06\/Prancheta-6-min.png\" alt=\"Prancheta 6-min\" \/><\/figure>\n<figure><img decoding=\"async\" src=\"http:\/\/centrooestecontabilidade.com.br\/wp-content\/uploads\/2022\/06\/Prancheta-7-min.png\" alt=\"Prancheta 7-min\" \/><\/figure>\n<figure><img decoding=\"async\" src=\"http:\/\/centrooestecontabilidade.com.br\/wp-content\/uploads\/2022\/06\/Prancheta-8-min.png\" alt=\"Prancheta 8-min\" \/><\/figure>\n<p>\t\t\t\t\t\t\t\t\t\t\t\tAnterior<br \/>\n\t\t\t\t\t\t\t\t\t\t\t\tPr\u00f3ximo<br \/>\n\t\t\t\tPagamentos online\u200b\t\t\t\t<\/p>\n<p>Aponte a c\u00e2mera do celular para o C\u00f3digo QR e obtenha todos os detalhes do pagamento<\/p>\n<p>Campo grande<\/p>\n<p>\t\t\t\t\t\t\t\t\t\t\t\t\t\t\t<img decoding=\"async\" width=\"367\" height=\"304\" src=\"http:\/\/centrooestecontabilidade.com.br\/wp-content\/uploads\/2022\/03\/1aad0584-3956-4791-bdab-b95213696ff1.png\" alt=\"\" loading=\"lazy\" srcset=\"https:\/\/centrooestecontabilidade.com.br\/wp-content\/uploads\/2022\/03\/1aad0584-3956-4791-bdab-b95213696ff1.png 367w, https:\/\/centrooestecontabilidade.com.br\/wp-content\/uploads\/2022\/03\/1aad0584-3956-4791-bdab-b95213696ff1-300x249.png 300w\" sizes=\"(max-width: 367px) 100vw, 367px\" \/>\t\t\t\t\t\t\t\t\t\t\t\t\t\t\t<\/p>\n<p>Bandeirantes<\/p>\n<p>\t\t\t\t\t\t\t\t\t\t\t\t\t\t\t<img decoding=\"async\" width=\"300\" height=\"300\" src=\"http:\/\/centrooestecontabilidade.com.br\/wp-content\/uploads\/2022\/03\/f5d9e8a5-b587-471d-82b6-49f40546fe1d-300x300.jpg\" alt=\"\" loading=\"lazy\" srcset=\"https:\/\/centrooestecontabilidade.com.br\/wp-content\/uploads\/2022\/03\/f5d9e8a5-b587-471d-82b6-49f40546fe1d-300x300.jpg 300w, https:\/\/centrooestecontabilidade.com.br\/wp-content\/uploads\/2022\/03\/f5d9e8a5-b587-471d-82b6-49f40546fe1d-150x150.jpg 150w, https:\/\/centrooestecontabilidade.com.br\/wp-content\/uploads\/2022\/03\/f5d9e8a5-b587-471d-82b6-49f40546fe1d-768x768.jpg 768w, https:\/\/centrooestecontabilidade.com.br\/wp-content\/uploads\/2022\/03\/f5d9e8a5-b587-471d-82b6-49f40546fe1d.jpg 1000w\" sizes=\"(max-width: 300px) 100vw, 300px\" \/><br \/>\n\t\t\t\t\t\t\t\t\t\t\t\t\t\t\t<img decoding=\"async\" src=\"http:\/\/centrooestecontabilidade.com.br\/wp-content\/uploads\/elementor\/thumbs\/CENTRO-OESTE-LOGO-1-2-pl9l6q0mlpjxxu1s3ho84wl2h86zcox9mtp7gayne0.png\" title=\"CENTRO-OESTE-LOGO-1-2\" alt=\"CENTRO-OESTE-LOGO-1-2\" \/>\t\t\t\t\t\t\t\t\t\t\t\t\t\t\t<\/p>\n<style>\/*! elementor - v3.5.5 - 03-02-2022 *\/\n.elementor-heading-title{padding:0;margin:0;line-height:1}.elementor-widget-heading .elementor-heading-title[class*=elementor-size-]>a{color:inherit;font-size:inherit;line-height:inherit}.elementor-widget-heading .elementor-heading-title.elementor-size-small{font-size:15px}.elementor-widget-heading .elementor-heading-title.elementor-size-medium{font-size:19px}.elementor-widget-heading .elementor-heading-title.elementor-size-large{font-size:29px}.elementor-widget-heading .elementor-heading-title.elementor-size-xl{font-size:39px}.elementor-widget-heading .elementor-heading-title.elementor-size-xxl{font-size:59px}<\/style>\n<h2>FALE CONOSCO<\/h2>\n<p>Envie agora uma mensagem para nossa equipe<\/p>\n<h2>Contate-n\u00f3s<\/h2>\n<p>\t\tTelefone: (67) 3383-2445<\/p>\n<p>Endere\u00e7o escrit\u00f3rio 01:<\/p>\n<p>Centro oeste Contabilidade Matriz &#8211; Campo grande\/MS:\u00a0 Rua Vinte e Cinco de Dezembro, 2320 &#8211; Cruzeiro, Campo Grande &#8211; MS, 79020-210.<\/p>\n<p>Endere\u00e7o escrit\u00f3rio 02:<br \/>\nCentro Oeste Contabilidade Bandeirantes\/MS: Rua Luiz Soares Flores Pinheiro, 418 &#8211; Centro &#8211; Bandeirantes, MS &#8211; CEP: 79430-000.<br \/>\n(67) 3261-2115<br \/>\n(67) 98412-2242<\/p>\n<style>\/*! elementor - v3.5.5 - 03-02-2022 *\/\n.elementor-widget-google_maps .elementor-widget-container{overflow:hidden}.elementor-widget-google_maps iframe{height:300px}<\/style>\n<p>\t\t\t<iframe frameborder=\"0\" scrolling=\"no\" marginheight=\"0\" marginwidth=\"0\"\n\t\t\t\t\tsrc=\"https:\/\/maps.google.com\/maps?q=Rua%20Vinte%20e%20Cinco%20de%20Dezembro%2C%202320%20-%20Cruzeiro%2C%20Campo%20Grande%20-%20MS%2C%2079020-210.&#038;t=m&#038;z=15&#038;output=embed&#038;iwloc=near\"\n\t\t\t\t\ttitle=\"Rua Vinte e Cinco de Dezembro, 2320 - Cruzeiro, Campo Grande - MS, 79020-210.\"\n\t\t\t\t\taria-label=\"Rua Vinte e Cinco de Dezembro, 2320 - Cruzeiro, Campo Grande - MS, 79020-210.\"\n\t\t\t><\/iframe><\/p>\n<p>Copyright \u00a9 2022 &#8211; Centro Oeste Contabilidade<br \/>Todos os Direitos Reservados<\/p>\n","protected":false},"excerpt":{"rendered":"<p>NOSSA HIST\u00d3RIA\u200b A Centro Oeste Contabilidade LTDA iniciou sua atividades como empresa individual na cidade de Bandeirantes &#8211; MS. Em Novembro de 1992 come\u00e7amos as atividades atendendo microempres\u00e1rios, com pequena rentabilidade e dificuldades dos dia a dia. Persistimos at\u00e9 os dias de hoje onde adquirimos novos clientes, parceiros e novas oportunidades. Continuamos com escrit\u00f3rio em [&hellip;]<\/p>\n","protected":false},"author":1,"featured_media":0,"parent":0,"menu_order":0,"comment_status":"closed","ping_status":"closed","template":"elementor_canvas","meta":{"footnotes":""},"class_list":["post-7","page","type-page","status-publish","hentry"],"_links":{"self":[{"href":"https:\/\/centrooestecontabilidade.com.br\/index.php\/wp-json\/wp\/v2\/pages\/7"}],"collection":[{"href":"https:\/\/centrooestecontabilidade.com.br\/index.php\/wp-json\/wp\/v2\/pages"}],"about":[{"href":"https:\/\/centrooestecontabilidade.com.br\/index.php\/wp-json\/wp\/v2\/types\/page"}],"author":[{"embeddable":true,"href":"https:\/\/centrooestecontabilidade.com.br\/index.php\/wp-json\/wp\/v2\/users\/1"}],"replies":[{"embeddable":true,"href":"https:\/\/centrooestecontabilidade.com.br\/index.php\/wp-json\/wp\/v2\/comments?post=7"}],"version-history":[{"count":133,"href":"https:\/\/centrooestecontabilidade.com.br\/index.php\/wp-json\/wp\/v2\/pages\/7\/revisions"}],"predecessor-version":[{"id":259,"href":"https:\/\/centrooestecontabilidade.com.br\/index.php\/wp-json\/wp\/v2\/pages\/7\/revisions\/259"}],"wp:attachment":[{"href":"https:\/\/centrooestecontabilidade.com.br\/index.php\/wp-json\/wp\/v2\/media?parent=7"}],"curies":[{"name":"wp","href":"https:\/\/api.w.org\/{rel}","templated":true}]}}